- 64 = -2*a. Calculate the greatest common divisor of u and y.
12
Let m(g) = -46*g**3 + g**2 + 2*g + 1. Let o be m(-1). Suppose -17*i + 21*i = 8*x + 692, 0 = 5*i + 2*x - 793. Calculate the greatest common factor of o and i.
23
Suppose 52724 = -117*a + 121*a - 4*s, 6*s = -2*a + 26322. Calculate the highest common divisor of a and 432.
216
Suppose -850*j + 2388 = -193112. Let c = 453 + -269. What is the highest common factor of j and c?
46
Let u(v) = 12*v - 72. Let j be u(10). Suppose -8*r - j = -128. Let c(d) = -38*d - 4. Let y be c(-3). What is the highest common divisor of y and r?
10
Suppose 77 = 4*r - 2*v - 79, -3*r - v = -112. Let c = r - 2. Calculate the highest common factor of c and 12.
12
Let d = 716 + -268. Let u(g) = -g**2 - 206*g - 3185. Let s be u(-17). Calculate the highest common factor of d and s.
28
Suppose 0 = -12*n + 827 + 685. Let m(f) = -26*f - 220. Let p be m(-9). Calculate the greatest common divisor of n and p.
14
Let d be -3*5/30 + 91/2. Let o = d + 25. Let i be (-5)/(-5) + 54/2. What is the greatest common divisor of i and o?
14
Let i(p) = 7*p - 191. Suppose 3*s - s - 62 = -2*a, -4*s + 125 = 3*a. Let q be i(s). What is the highest common divisor of q and 165?
33
Suppose 854 = v + 5*g, -63*v + 4*g = -56*v - 6056. Calculate the highest common factor of 204 and v.
12
Suppose -159*q = -154*q - 135. Suppose 3*v - 2*i - 14 = 0, 5*v - q + 2 = 5*i. Calculate the highest common divisor of 14 and v.
2
Let m(v) = v**3 - 10*v**2 + 7*v - 2. Let k be m(11). Let z = k - 104. What is the highest common divisor of 69 and z?
23
Let m(t) = t**3 + 116*t**2 - 235*t + 321. Let z be m(-118). Calculate the greatest common factor of z and 133.
7
Let b be 77/(-11) - ((-187257)/35 + 1/5). Calculate the greatest common factor of b and 117.
39
Let i = -88 - -140. Let c(q) = -96*q - 18. Suppose -m + 7*y = 11*y - 7, 3 = m + 2*y. Let w be c(m). What is the highest common divisor of w and i?
26
Let o be (21/35)/(8/12560). What is the highest common factor of 54 and o?
6
Suppose 334 = 17001*j - 17000*j. Calculate the greatest common divisor of j and 7181.
167
Suppose 58 = 4*a - 4*u - 138, -a + 61 = -4*u. Let h = a + 76. What is the highest common divisor of h and 11?
11
Let p be 3 - (-19)/((-247)/(-689)). Suppose -y + 76 = 4*v + 3*y, -4*v + 55 = -3*y. Suppose 0 = 2*s + 2 - v. Calculate the greatest common factor of s and p.
7
Let w(x) = -9*x**3 + x**2 - x + 2. Let c = -49 + 54. Suppose c - 19 = 7*l. Let g be w(l). What is the highest common factor of g and 48?
16
Let l be ((-19404)/(-14))/18 - -3. Suppose -4 = -4*j + 76. Calculate the greatest common divisor of l and j.
20
Suppose j = -4*i - 4*j + 121, -2*i - 5*j + 73 = 0. What is the highest common divisor of 24 and i?
24
Suppose -3*v = -3*j + 78, 93*j = 88*j - v + 118. Calculate the highest common divisor of j and 21048.
24
Let g(h) = 15*h + 1163. Let p be g(-46). Calculate the highest common factor of 1677 and p.
43
Let o(q) = 5*q**3 - 29*q**2 + 19*q - 46. Let l be o(6). Calculate the highest common divisor of l and 1781.
13
Let t = 51 - 51. Let r be (2/4 - t)*(12 - 4). Suppose 3*s = r*s - 156. What is the greatest common divisor of 39 and s?
39
Suppose -7879 = 25*r - 104514 - 87740. What is the greatest common divisor of r and 59?
59
Suppose 210*v = 389*v - 115276. Calculate the highest common divisor of 1656 and v.
92
Suppose -13*m + 57243 = 364*s - 362*s, 114411 = 4*s + m. What is the greatest common divisor of s and 21?
21
Let d be (-2)/(-3)*(-35217)/(-78). What is the greatest common factor of d and 344?
43
Suppose -50302 - 7073 = 5*v - 50*v. What is the greatest common divisor of v and 1125?
75
Let r = 2563 + -2529. Let p = -6 - -8. Calculate the greatest common factor of r and p.
2
Let v(w) = 55*w**2 + 1. Let n be v(-1). Suppose 94*b - 5514 - 4638 = 0. Let y be (-6 - b/(-15))*(33 - -2). What is the greatest common divisor of y and n?
14
Let l(m) = -m**2 - 26*m + 33. Let z be l(-27). Let y(u) = -2*u. Let x be y(8). Let v = x + 18. Calculate the greatest common divisor of v and z.
2
Let o = 19 - -33. Let g(v) = v**2 - 27*v - 29. Let t be g(28). Let b be (-40)/4*(t - 12). What is the greatest common factor of o and b?
26
Suppose 0 = -5*u + 3*x + x, 5*x = 3*u + 13. Let w be ((-46)/4)/(2/((-16)/u)). Suppose -25*i + 6 = -w*i. Calculate the highest common divisor of 2 and i.
1
Suppose 74*n - 27156 = -105*n + 33*n. What is the greatest common divisor of n and 558?
186
Let s(i) = -9*i**3 - 2*i**2 + 2. Let n be s(-2). Let k(p) = 63*p - 114. Let o be k(7). Let q = o - 321. What is the greatest common factor of n and q?
6
Let u(b) = 72*b - 982. Let o be u(17). Calculate the greatest common divisor of o and 682.
22
Let h be (1 + 2)*(6100/(-90))/((-6)/9). What is the highest common divisor of h and 793?
61
Let i(a) = a**3 + a**2 + 4*a + 486. Let p(j) = 2*j**3 - 9*j**2 + 4*j. Let f be p(4). Let c be i(f). Calculate the highest common factor of 27 and c.
27
Let n be 64*(3/6)/((-2)/4). Let r = 58 + n. Let i be (-99)/r*256/24. Calculate the highest common factor of i and 16.
16
Suppose 3*s = 2*o + 201, -36*o + 38*o = 2*s - 132. Let z = -124 - -127. What is the greatest common divisor of z and s?
3
Let d = 33224 - 33217. Let a be ((-224)/(-3))/((-3)/(-9)). What is the greatest common divisor of d and a?
7
Suppose 5*q = 2*u + 78, -5*q + 120 = 3*u + 37. Let b(o) = 14*o**2 - 50*o - 8. Let g be b(4). What is the greatest common divisor of q and g?
16
Suppose 93*a - 100*a - 2*j + 6368 = 0, 4*a - 3643 = 3*j. What is the highest common divisor of 2080 and a?
130
Let n(k) = -k**2 - k + 7. Let r be n(0). Calculate the greatest common factor of r and 22.
1
Suppose -45*l = -731 - 232 - 252. What is the greatest common factor of 8451 and l?
27
Suppose -44*q = -49*q - 4*p + 730, 4*q = -8*p + 560. What is the highest common divisor of q and 2590?
10
Let i be (-1 - -221) + 60/(-4). Calculate the highest common factor of 82 and i.
41
Suppose 3 - 11 = -2*w. Let x(v) = v**3 - 6*v**2 - 11*v + 122. Let m = -630 + 636. Let u be x(m). Calculate the highest common factor of w and u.
4
Suppose -5*k = 4 - 34, 6*v + 85 = 11*v - 5*k. Let y(r) = -r**2 + 8*r - 6. Let s be y(7). What is the highest common factor of v and s?
1
Let u be ((-7758)/6)/(-1 + -2). Suppose -s + 0*r = -4*r - u, -r = -4*s + 1739. What is the highest common divisor of s and 58?
29
Let g = 9125 - 9078. What is the greatest common divisor of 18 and g?
1
Suppose -7*c + 12*c - 10 = -5*v, -3*v + 6 = 5*c. Suppose 0 = -2*m - v*f + 520, 14*f - 10*f = -5*m + 1304. Calculate the highest common factor of m and 33.
33
Let g = -85431 + 85592. Let c = 29 + 63. What is the greatest common factor of c and g?
23
Let t = -139 + 144. Suppose -2 = 2*l - 4*i, -2*i = -2*l + 3 + t. Let v = -2 - -20. What is the highest common factor of l and v?
9
Suppose 0 = -3*b + 5 + 10. Suppose 29 = l - 2*h - 25, -h = -b*l + 261. Suppose 47*f = l*f - 60. What is the greatest common divisor of 84 and f?
12
Let r = 43 + -73. Let g be 5/2*(-108)/r. Suppose 343 = 2*n + 127. What is the greatest common factor of g and n?
9
Suppose -3*a + 6 = f, -2*f + 0*f = a - 7. Let b be -3 + 48/f + -4. Let g = 16 - b. Calculate the highest common factor of g and 7.
7
Let v be (126/84)/((-1)/4). Let t be 64/v*(-9)/6. Calculate the highest common divisor of t and 72.
8
Let u = 128974 + -128806. Let j(s) = -36*s + 8. Let v be j(-6). Calculate the greatest common divisor of u and v.
56
Suppose -221*d + 228*d - 20471 = 4*x, -4*x = -3*d + 8787. What is the highest common divisor of 23 and d?
23
Suppose -2183 = -5*c - 1653. What is the greatest common divisor of 265 and c?
53
Suppose 14 = 5*n - 21. Suppose 15*l - 484 = -n*l. What is the highest common factor of l and 121?
11
Let r(o) = o**3 + 11*o**2 - 2*o - 12. Let k be r(-9). Suppose 872 = 2*d + 3*c, -5*c - 18 = 22. Calculate the greatest common divisor of k and d.
56
Let g be -10*((-36)/135)/(2/3) - -455. What is the greatest common factor of g and 1224?
153
Let k = 58 + -28. Suppose 5*d + 0*d + b = 269, -b = d - 53. Suppose 0 = p - 3*t - 39, -5*t + d = 2*p - 3*t. What is the greatest common divisor of k and p?
30
Let f be 28/12 - ((-36098)/3 + 10). Calculate the greatest common factor of 13 and f.
13
Let u be (186/(-620))/(1/(-110)). Calculate the highest common factor o